rs of r?
3, 5, 11
What are the prime factors of (-10)/2 + (-22 - -11)*(4 - 833)?
2, 3, 7, 31
What are the prime factors of ((-9)/(108/27978))/(2/(-16))?
2, 4663
Let w be 1215 + (4 - 1) + -7. Suppose 4*y - w = -3*y. Suppose y + 327 = 4*d. What are the prime factors of d?
5
Suppose s - 2*i = -178, -10*i = -4*s - 12*i - 752. Let d = 461 + s. What are the prime factors of d?
5, 11
List the prime factors of -1 + (11 - 1)/(60/236910).
2, 9871
Let p be (-29)/((-464)/(-2434080))*1*-1. List the prime factors of ((-3)/((-9)/(-4)))/((-220)/p).
2, 461
Let a = -2620 - -4401. Suppose -6*h + a = -2173. List the prime factors of h.
659
Let g be (-1)/(-3) + (-340)/(-51). Suppose -q = -g*q. Suppose 3*f - 133 - 5 = q. List the prime factors of f.
2, 23
Let f = -1532 - -6497. List the prime factors of f.
3, 5, 331
Let k(p) = 2*p**2 - 27*p - 48. Let d be k(15). What are the prime factors of 110/2*(-56)/(-20) - d?
157
Suppose -4*v = -v - 18, 3*v = 2*p - 25764. What are the prime factors of p?
3, 4297
Suppose p + 3*t + 217 = -0*p, -2*p - 4*t - 442 = 0. Let r = p + 141. Let x = 154 + r. List the prime factors of x.
2, 3, 11
List the prime factors of (60381/(-90) - 16/(-40))*-40.
2, 3, 5, 149
Let y(m) = -8 + 8*m - 5 - 7 - 4 + 6*m**3 + 5. What are the prime factors of y(5)?
3, 257
Suppose 2*r = 3*g + 2457 - 7824, g + 2*r = 1797. What are the prime factors of g?
3, 199
Let o = -27735 - -44617. List the prime factors of o.
2, 23, 367
Let u(l) = 7*l**2 + 16 - 5300*l + 3*l**2 + 5294*l + 5*l**3. What are the prime factors of u(4)?
2, 59
Let p be (-3 - -2) + (1 - -1 - 0). Let z be (-1 - -186)*p/(-5)*2. Let c = 166 + z. What are the prime factors of c?
2, 23
Let p(d) = -3*d + 45. Let q be p(13). Suppose 7*x + 2 = q*x. Let l(n) = -21*n**3 - 5*n**2 - 4*n - 1. What are the prime factors of l(x)?
5, 31
Let w(f) = 1035*f - 3292. List the prime factors of w(32).
2, 7457
List the prime factors of -6 - ((-456800)/55 - 66/121).
2, 5, 83
Suppose -293*t + 302*t = 244764. List the prime factors of t.
2, 13, 523
Let d be (584/(-8))/(7/(-770)). Suppose n + 10*n = d. What are the prime factors of n?
2, 5, 73
Suppose 67354 - 4896 = 11*k. What are the prime factors of k?
2, 17, 167
List the prime factors of 45/(-120) + (-734715)/(-72).
2, 2551
Let s = 122 - 64. Suppose -9670 = 48*y - s*y. List the prime factors of y.
967
Suppose -21*h + 333667 = -192425. What are the prime factors of h?
2, 6263
Let l be 9/(12/(-80)*-4). Suppose l*d - 7371 = 3384. List the prime factors of d.
3, 239
Suppose 3*g + 2*h - 3055 - 58 = 0, 0 = 4*g - h - 4158. Let q = -84 + g. What are the prime factors of q?
5, 191
Let o(b) = -6*b - 7. Suppose 320 = -6*r + 11*r. Let s = 60 - r. List the prime factors of o(s).
17
Let s = -59 - -62. Let w be s/(357/(-117) + 3)*-2. Suppose 39 + w = 3*i. List the prime factors of i.
2, 13
Let u be (-12)/(-54) - ((-34)/9 - 1). Let n(d) = 28*d**2 + 4*d + 14. List the prime factors of n(u).
2, 367
Let f(s) = 2*s**3 - 13*s**2 - 6*s - 1. Let j be f(7). Suppose 0 = -5*h + j + 4. Suppose -5*p = 0, 19 = x + 3*p - h*p. List the prime factors of x.
19
List the prime factors of 6/(-117)*-3 + -12 + (-177212)/(-26).
2, 3, 7
Suppose 12*n - 10*n = -5*d + 117238, -2*d = -4*n + 234572. What are the prime factors of n?
7, 8377
List the prime factors of 53/318 - (2/(-1) - 486857/42).
2, 11, 17, 31
Suppose 10*n + 2148699 = 70*n - 96141. What are the prime factors of n?
2, 13, 1439
Let n be -5*8/(-20)*(-1)/(-2). Suppose -2*z + 3 = n. What are the prime factors of -123*z*(-3)/9?
41
Let i = -214 + 215. What are the prime factors of 257 + i + 1 + 1?
2, 5, 13
Let x = 342 - 337. Suppose 5*q = -3*i + 517 + 699, -x*i = -5*q + 1200. What are the prime factors of q?
2, 11
Let l(f) = -18*f**2 + 10*f - 29. Let k be l(-9). Let r = -812 - k. What are the prime factors of r?
3, 5, 17
Let i(v) = 3*v + 15. Let g be i(-4). Suppose g*j - 345 = 8*j. Let x = 227 + j. What are the prime factors of x?
2, 79
Let o(k) = -k**3 + 7*k**2 - 3*k + 15. Let n be o(5). Let s = n + -42. Let q(m) = -m**2 + 16*m + 1. What are the prime factors of q(s)?
5, 13
Suppose -4*b + 5*y + 61422 = 0, 39*b - 45984 = 36*b - 10*y. List the prime factors of b.
2, 3, 1279
Suppose 0 = 2*a - 4*n - n - 97, -3*n - 229 = -4*a. Suppose 0 = -j, 2*t - 11 - a = -j. Suppose -4*l = -3*l - t. What are the prime factors of l?
2, 3
Suppose -6 = 4*j + 6, 11 = 4*u - j. Suppose 0 = -4*m + 16, u*p - m - 191 = 153. List the prime factors of p.
2, 3, 29
List the prime factors of (12952/(-12)*87)/(-2 - 0).
29, 1619
Let m = 71 + -55. Suppose 0 = -18*r + m*r + 36. What are the prime factors of 2066/12 - 3/r?
2, 43
Suppose -766*p = -759*p + 42. Let q(y) = -8*y**3 - 10*y**2 - 18*y - 25. What are the prime factors of q(p)?
1451
Suppose 0 = -5*d - 5 + 15. Suppose 0*r + r + 51 = d*w, -2*w = 4*r - 26. Suppose -v = v + f - w, 4*f + 12 = 0. What are the prime factors of v?
13
Suppose -3*f = 2*f - 1105. Let b = f + -115. Suppose 2*c - b = -4*a, 0*c + 131 = 5*a + 3*c. What are the prime factors of a?
2, 7
Let o = 9808 - 5506. What are the prime factors of o?
2, 3, 239
Let g = -974 - -1614. Suppose 3*z - g = 431. What are the prime factors of z?
3, 7, 17
Let m = 14 + -10. Suppose -m*v + 2*q - 1 = 3, 0 = -4*v - 4*q - 28. List the prime factors of (-135)/v - (-16)/(-4).
41
Let m(z) = 15*z**3 - 2*z**2 - 2. Suppose -4*p + 0 = -48. Suppose p*t = 14*t - 4. List the prime factors of m(t).
2, 5, 11
Let u(r) = 21 - 6*r**2 - 4*r**2 - 2*r + 3*r**2 - r**3. Let k be (-1530)/189 + (-8)/(-84). What are the prime factors of u(k)?
101
Let a = -1200 - -475. Let u = a - -1343. List the prime factors of u.
2, 3, 103
Let b(q) = -14*q**3 - 2*q**2 + q. Let v be b(1). Let a(f) = f**2 + 15*f + 8. Let k be a(v). List the prime factors of (k/12)/((-10)/(-2685)).
179
Suppose -5 = 3*a - 11. Suppose 0 = 3*b + 2*n + 1, -a*b + 4*n = -17 - 9. Suppose -b*l + 203 = k - 597, -4*l - 3*k + 1075 = 0. List the prime factors of l.
5, 53
Let b = -5533 + 7282. What are the prime factors of b?
3, 11, 53
Suppose -4*d = -3*c - 126, -5*d + 4*d - c = -35. Suppose d = -2*w + 5*s, 2*s = 2*w + 3*w + 30. What are the prime factors of -7*(w - -3)*2?
2, 7
Suppose -317*b + 311*b + 17586 = 0. Suppose -997*z + 994*z + b = 0. List the prime factors of z.
977
Let b(y) = 4*y + 77. Let l be b(-23). Let t be ((-2)/3)/(3/135). What are the prime factors of (12/l)/(1/t)?
2, 3
Suppose 4372*r = 4385*r - 121914. List the prime factors of r.
2, 3, 521
Suppose o - u = -3*o + 14, 0 = 3*o - 2*u - 8. Suppose 4095 = 4*y + 5*h, o*h = -3*y + 8*y - 5129. What are the prime factors of y?
5, 41
Suppose -15120 = -11*y + 29*y. Let z = y - -1430. List the prime factors of z.
2, 5, 59
Suppose -259 = -9*n + 83. Suppose n*g = 42*g - 3*m - 7697, -5769 = -3*g + m. List the prime factors of g.
2, 31
Let m(r) = 5*r**2 - 3*r - 3. Let p be m(3). Let h be (-27 - -29) + (p*3 - -1). Suppose 101*a = h*a - 32. List the prime factors of a.
2
Let f(h) = -h**2 - 23*h - 37. Let t(l) = -5*l**2 - 68*l - 111. Let q(w) = 7*f(w) - 2*t(w). What are the prime factors of q(23)?
3, 5, 13
Let b = -8520 - -17008. List the prime factors of b.
2, 1061
Let p = 7912 - -29486. What are the prime factors of p?
2, 3, 23, 271
Let m(j) = -492*j + 2209. List the prime factors of m(-61).
7, 4603
Let v(s) = 32*s + 83. Let z be v(-8). Let q = z + 237. What are the prime factors of q?
2
Let s = -71 + 88. Suppose -s*z - 200 = -18*z. What are the prime factors of z?
2, 5
Suppose -6 = -3*y - 9. Let a(l) = 15*l**2 + 2*l + 1. Let f be a(y). Suppose f*s - 2408 = -0*s. What are the prime factors of s?
2, 43
What are the prime factors of (27/(-12)*(-24)/(-9) + -77)*-668?
2, 83, 167
Let p(n) = 2*n**2 - 3. Let o be p(0). List the prime factors of (-24)/(-8)*(-77)/o.
7, 11
Suppose -33 + 45 = 3*s. Suppose -5*f + 4*f = s*f. Suppose f = -5*x + 113 + 132. What are the prime factors of x?
7
Suppose 3475 = 3*y - 3980. Suppose -17*p + 24*p = y. List the prime factors of p.
5, 71
Let l = 23781 - 20880. What are the prime factors of l?
3, 967
Suppose 0 = -4*l + 4*j + 16, -l - 3*l + 11 = j. Suppose 1191 = -l*y + 5*f + 322, 2*f + 10 = 0. Let v = -199 - y. What are the prime factors of v?
3, 11
Let n = 39 - 28. Let z(d) = -2*d**2 + d - 1. Let u(v) = -v**3 + 17*v**2 - 3*v - 10. Let g(y) = -u(y) - 3*z(y). What are the prime factors